
What is the value of 2 - 3 - -2 - (-2 + 5)?
-2
10 + (17 - 29) + (-6 - -1)
-7
Evaluate 2 + -4 + 4 + -1.
1
Calculate -5 + 3 - (3 - 5).
0
What is the value of -1 + 5 + (-12 - 3 - -4)?
-7
Calculate 2 - (6 - -2 - (1 - -3)).
-2
What is the value of -28 + 26 + (1 - (-1 - 0))?
0
What is the value of 1 + -2 + 2 - 6 - 1?
-6
Calculate -4 + 0 - (-3 - (-2 - -3)).
0
7 - 6 - (2 + 3)
-4
What is (0 - (2 + -4)) + 15 + -17?
0
What is the value of -31 + 31 + (-8 - -1) + 13?
6
Calculate 7 + -10 + (0 - 0) + 6.
3
Evaluate -6 + 1 + -2 + 2.
-5
What is the value of 0 - 0 - (2 + -7)?
5
-2 + (3 - (0 + 2)) + -3
-4
Calculate 3 + -5 + 2 + (6 - 6).
0
Evaluate -7 - 1 - (-7 - -1).
-2
Evaluate -6 + -6 + (3 - 0).
-9
What is the value of 6 + -4 + (-4 - 0)?
-2
What is -10 + 16 + -8 + -2 + 0?
-4
What is the value of -6 + 3 + 6 - -2?
5
What is the value of -5 + -5 + (9 - 1)?
-2
Calculate 18 - 23 - (0 + -1).
-4
What is the value of (4 - ((3 - -2) + -5)) + -1?
3
Calculate 4 - (1 - (3 + -2) - -5).
-1
What is 39 + -39 - (8 + 2)?
-10
What is 3 + -1 + -6 + (-2 - -5)?
-1
What is the value of 5 + 0 + -21 + 12?
-4
What is -8 - (-7 + 6) - 1?
-8
Evaluate -1 + -5 - (5 - (10 - 8)).
-9
Evaluate -1 - (3 + -1 - 4 - 0).
1
Calculate (1 - 8) + 3 + 9 + -10.
-5
What is the value of -10 + 4 + 0 + 2 - -4?
0
What is -3 - (-5 - -3) - (2 - 5)?
2
What is 0 + -1 + -5 + -1 + 4?
-3
Evaluate 1 - -6 - (135 - 119).
-9
Calculate (-9 - (-5 - 1 - 0)) + 3.
0
What is the value of 0 - (-1 + -6 - (-29 - -16))?
-6
Evaluate 15 + -17 + (4 - -1).
3
-2 - ((-1 - -8) + -5)
-4
Evaluate 1 + 5 + -1 - 3.
2
5 + -4 + -2 + -8 + 10
1
Calculate (-6 - 0) + 7 + -6.
-5
What is 1 + -21 + -313 + 325?
-8
Evaluate 8 + (-5 - -5) + -3.
5
Calculate (22 - 8) + -8 + -9.
-3
Calculate -7 + 2 + (23 - 17).
1
Evaluate (-4 - -2 - -9 - 3) + 3.
7
2 + -4 - (-2 - (0 - 5))
-5
Calculate 6 - (1 + 4) - -1.
2
What is the value of -15 - (-4 - 1 - 4)?
-6
Calculate (-5 - 0 - -2) + 4 + -5.
-4
What is the value of -19 + 11 - (-2 + -8 + 4)?
-2
Evaluate 10 - (-3 + -1 + 9).
5
Evaluate -3 - (0 - 1) - (-11 + 7).
2
What is 1 - (2 - 4) - (-2 - 1)?
6
What is -5 + (11 - 10 - (-1 - 2))?
-1
What is the value of (1 - 3) + 3 - (8 + -3)?
-4
What is -1 + 9 - 9 - -6?
5
1 - ((-9 - -4) + 2)
4
Calculate (3 - 0) + (-3 - -2) + -2.
0
Calculate -52 + 60 - (0 - -1).
7
What is -7 + 13 + 5 + -5?
6
Calculate 5 - (-1 + (-1 - 1 - -9)).
-1
Calculate -2 - -8 - (-7 - -9).
4
What is 1 - (7 + 0 + 0)?
-6
Evaluate -4 + 5 + -5 + -1 + 2.
-3
What is 6 - (4 + 5) - 2?
-5
Evaluate (-8 - -2 - -5) + -4 + -3.
-8
Calculate -7 - (-5 - (-3 + 3) - -3).
-5
Evaluate 0 - -1 - (17 - 20).
4
What is the value of 3 + -8 - (-3 - 1)?
-1
What is 5 - (5 + -2) - 5?
-3
What is 1 - (3 - (1 + 12 - 6))?
5
Evaluate -5 - (6 - (0 - -12)) - 11.
-10
Evaluate -3 + 4 + -6 + 1.
-4
What is the value of 1 + 3 + (13 - 19)?
-2
-3 + 3 + 3 + -4
-1
Calculate -5 + 0 + -1 + (9 - 11).
-8
What is (-20 - -14) + (2 - 1)?
-5
What is the value of 10 + 1 + -5 - 4?
2
What is the value of -4 + (-1 - -5 - -3) + -6?
-3
Calculate (2 - -1) + -2 + 4 - 2.
3
-3 + (-6 - -7) + 2
0
Calculate -1 + -2 + (-23 - -30).
4
What is -6 + (16 - -8) + -10?
8
What is -4 - -1 - (9 + -7)?
-5
Evaluate (-5 - (2 - 9)) + 3.
5
Calculate -6 - -8 - (-4 - -2 - -4).
0
Calculate 3 + (-1 - 5) + 1 + -2.
-4
Evaluate -8 + -16 + 9 + 6.
-9
3 + (-10 - (3 + -11))
1
What is (-5 - -11 - 14) + 3?
-5
Evaluate 10 + -18 + 2 - (1 - 6).
-1
Evaluate 6 - 16 - -17 - -1.
8
Calculate 1 - (-3 + -5 + 4).
5
0 - (-15 + 14 + (2 - 0))
-1
What is (0 - 1) + (5 - 2 - -1)?
3
(-4 - -2) + 9 + 1 - 3
5
Evaluate 12 + (4 - (4 + 4)).
8
What is (3 - 3) + 45 + -52?
-7
(1 - (-4 - -8)) + (-5 - -3)
-5
What is the value of 11 + -6 + -15 - -19?
9
Calculate 4 + 6 + -14 + (4 - 3).
-3
(5 - (1 - (-3 + 2))) + -4
-1
Evaluate 0 - (4 + -1 + 5 + -4).
-4
Calculate -2 + (-3 - (-6 - (-18 - -8))).
-9
Evaluate (10 - 2 - 18) + 7.
-3
Calculate -2 + -3 - (-1 - 10).
6
Evaluate 0 - (4 + (2 - 10)).
4
5 - ((1 - -2) + (3 - 4))
3
Evaluate -4 + (9 - -2) - (2 + 1).
4
Calculate 13 - 14 - (0 + -2 + 4).
-3
What is the value of 11 + (-8 - (-2 - -1))?
4
Evaluate -5 + 13 - 6 - (-1 + 3).
0
Calculate 9 + (6 - 15) + 5.
5
What is 12 - (-2 + (10 - 3)) - -3?
10
Evaluate 0 + 0 + -12 + 10.
-2
Evaluate (-6 + (3 - -1) - -1) + -4.
-5
What is the value of (12 - 2) + 62 + -68?
4
What is (0 - (0 - -1)) + 4?
3
What is the value of -4 + -4 + 7 + -1?
-2
-10 + 5 + 2 + 2
-1
Calculate 9 - (-3 + 2 - -5).
5
Calculate -3 - 4 - ((0 - 2) + -1).
-4
0 + -1 - (9 - (15 - 0))
5
Evaluate 4 - (7 - -1) - 0.
-4
What is -6 + 1 + (6 - 4)?
-3
What is 1 + 2 + -4 - -4?
3
Calculate 3 - (0 - (4 + 1 - 11)).
-3
Calculate 4 + -1 - (11 + (-12 - -1)).
3
(15 - (7 + -2)) + -6 + 4
8
-2 + (4 - 4) + 3
1
What is 2 + 12 - (9 + -2) - 1?
6
0 - (9 - 0 - (-1 - -6))
-4
Evaluate -4 + 5 + (-3 - -6).
4
-6 + 5 + 4 + 1
4
What is the value of -6 - 1 - -2 - -3?
-2
Evaluate -3 + 3 - 0 - (1 + 2).
-3
Evaluate -9 - (1 + -5) - -12.
7
-9 - -15 - -1 - 14
-7
Evaluate -1 + -1 - (-4 - -3) - -3.
2
Calculate 4 - -4 - 6 - (9 - 2).
-5
Calculate (-7 - (-6 - 4)) + 0.
3
-10 + -2 + 12 + -5
-5
Calculate 0 + (4 - (-4 + 8)).
0
What is the value of 4 + -6 + (0 - -5 - 2)?
1
What is -6 + 0 + 3 - -10 - 2?
5
Calculate 0 + -3 + 5 - -1.
3
What is the value of (-2 - -1) + (5 - 5)?
-1
What is the value of 5 + -2 + -4 + 5?
4
-1 - (-7 - -4 - -7)
-5
Evaluate 3 + (-4 - -1) + -24 + 19.
-5
-13 + 13 - (8 + -4) - 1
-5
Evaluate 3 + 3 + -9 + 2 + 2.
1
13 - (16 - 8) - (1 - 0)
4
What is -4 + (1 - -1) - (4 - 6)?
0
What is 1 - 1 - (31 + -34)?
3
Calculate 7 + (-4 - -3) + -1 - 6.
-1
What is -7 - -6 - -4 - (0 - -1)?
2
Calculate 1 + (1 - 3) + 1.
0
What is the value of (-4 - (5 - (5 + -3))) + 6?
-1
What is -7 + 9 + 0 + -2?
0
Calculate (7 - 5) + (-2 - -3).
3
Calculate 3 - ((-7 - -12) + 0).
-2
Calculate -38 - -36 - (0 + -5).
3
0 + -18 - -13 - -5
0
Evaluate (-8 - -5 - -1) + -3 + 6.
1
Calculate 3 + -4 + -1 + 2.
0
Evaluate (-11 - -14) + 0 + -2 - 1.
0
What is the value of 0 + -8 - (66 + -76) - -2?
4
What is 2 + 3 + (-3 - 4)?
-2
Evaluate -2 - 1 - (12 - 6 - 6).
-3
What is the value of -55 + 73 + (-12 - -1)?
7
What is (3 - -4) + 1 + (-6 - -1)?
3
What is the value of (5 - (-3 + 4)) + -3?
1
Calculate (-9 - -14) + -9 + 5.
1
What is -9 + 22 - 9 - (1 + 1)?
2
What is the value of 3 + 7 - (-9 - -17)?
2
What is -4 - (-6 + 12) - -2?
-8
What is -1 + (8 - 5) + -2?
0
Calculate -5 + 1 + -35 + 42.
3
(0 + 4 - (3 - -1)) + 4
4
Calculate 14 + -21 + -1 + 3.
-5
2 + (-3 - ((1 - 1) + -5))
4
-5 + 1 + 9 + (-12 - -4)
-3
Calculate 9 + 2 - (4 - -5).
2
Calculate (-25 - -34) + -16 + 2.
-5
Evaluate (5 - 8) + 3 + -1.
-1
What is the value of 6 + 0 - 7 - (2 + -3)?
0
(-1 - -3 - (5 + -4)) + 0
1
Calculate -6 - (9 - (14 - 4)).
-5
Calculate 21 - 14 - ((2 - -1) + -7).
11
Calculate -285 - -291 - (2 + (14 - 1)).
-9
What is the value of (1 - 2) + (9 - 5 - 4)?
-1
Calculate -11 - -6 - -11 - 5.
1
What is (-9 - (-19 - -9)) + -2?
-1
What is -1 - (4 - (2 - 2))?
-5
Evaluate -7 - -4 - -2 - (-10 - -11).
-2
Calculate -6 + 1 - (-4 + 2).
-3
What is the value of 2 + (2 - 5) + -3 + 2?
-2
What is the value of 1 + (6 - 4) + -7?
-4
Evaluate (10 - (-7 - -7)) + -9.
1
Evaluate 110 + -112 - (-6 - (-1 + 2)).
5
What is (8 - (1 - 1)) + (-11 - -7)?
4
Evaluate 3 + -3 - -7 - 4.
3
Evaluate (-2 - -7) + (5 - 14).
-4
What is 6 + (1 - 0) - (-210 - -215)?
2
Evaluate -5 + -3 - (-4 + 3).
-7
What is 4 + -3 + 0 - -4 - 10?
-5
3 + 0 - (12 - (6 + -6))
-9
What is 1 - 1 - (36 - 30) - -4?
-2
What is (14 - 20) + (2 - -7)?
3
What is the value of 1 + 0 + (18 - 23)?
-4
Evaluate (6 + -4 - (2 - 2)) + 2.
4
Evaluate (-1 - -2) + 10 - (-75 - -80).
6
Evaluate 3 - (-4 + 6 - 2).
3
Evaluate -8 + (5 + -6 - (-19 - -1)).
9
What is the value of 6 + -7 - -9 - 7?
1
Evaluate -6 + 9 - (-1 - -2 - 2).
4
-4 + (1 - (-1 + -3))
1
What is 8 - (-5 - (-18 + 3))?
-2
6 + -5 + (-1 - -5) + -3
2
Calculate -1 + 3 + (3 - 3) + 3.
5
Evaluate (-16 - -10) + 0 + -1 + 4.
-3
(-5 - -5) + 3 - 2
1
Calculate 2 - -1 - 8 - -1.
-4
7 + -10 - (1 - 0 - 7)
3
Evaluate (-1 - -6) + -10 + 0 + 4.
-1
What is 3 - (-3 + 9 + (-2 - 1))?
0
What is (10 - 12) + (0 - -6)?
4
What is -1 + 4 - 1 - -3?
5
What is the value of -4 + (6 - 0) - 1?
1
1 + -2 + -4 + 9
4
What is 1 + -1 + (8 - 10)?
-2
Calculate -8 - (7 + -4) - -6.
-5
What is -2 + 2 + -2 - -5?
3
-1 + -5 + 3 + 3 - 1
-1
What is the value of (-2 - (-3 + 0)) + -10?
-9
What is the value